14 a multiple of 60?
False
Is 3224946 a multiple of 24?
False
Does 660 divide 451440?
True
Does 108 divide 209552?
False
Does 18 divide 147402?
True
Does 7 divide 411630?
False
Is 934524 a multiple of 13?
False
Is 324520 a multiple of 20?
True
Is 535496 a multiple of 537?
False
Does 24 divide 54336?
True
Does 10 divide 770450?
True
Is 148356 a multiple of 223?
False
Does 590 divide 282020?
True
Does 43 divide 1733115?
True
Does 122 divide 51772?
False
Is 329 a factor of 54943?
True
Does 97 divide 2059407?
True
Does 109 divide 142233?
False
Is 549612 a multiple of 252?
True
Is 5266727 a multiple of 265?
False
Is 3121268 a multiple of 68?
True
Does 16 divide 79307?
False
Does 49 divide 40082?
True
Is 186 a factor of 5401254?
True
Is 1107315 a multiple of 134?
False
Is 13 a factor of 124501?
True
Does 50 divide 111850?
True
Does 38 divide 1020311?
False
Does 790 divide 3088110?
True
Is 129 a factor of 495102?
True
Is 30914 a multiple of 21?
False
Is 1974874 a multiple of 12?
False
Is 4733295 a multiple of 739?
True
Does 23 divide 490383?
True
Does 31 divide 109367?
False
Is 178187 a multiple of 368?
False
Is 689280 a multiple of 15?
True
Is 9 a factor of 99891?
True
Does 70 divide 201530?
True
Does 19 divide 59679?
True
Does 12 divide 1062699?
False
Does 398 divide 245730?
False
Is 128 a factor of 59264?
True
Does 694 divide 1583054?
False
Is 26 a factor of 161661?
False
Is 4870892 a multiple of 188?
True
Is 4496193 a multiple of 463?
True
Is 31 a factor of 254153?
False
Does 19 divide 70530?
False
Is 103 a factor of 12762318?
True
Is 178092 a multiple of 27?
True
Does 95 divide 153777?
False
Is 53 a factor of 378554?
False
Is 11 a factor of 264011?
True
Is 532 a factor of 9576?
True
Does 2043 divide 7738884?
True
Is 38 a factor of 19088996?
True
Does 19 divide 330118?
False
Is 17 a factor of 2454888?
False
Is 11751099 a multiple of 39?
False
Is 6 a factor of 307251?
False
Is 278 a factor of 94401?
False
Is 8984892 a multiple of 32?
False
Is 477419 a multiple of 12?
False
Is 118 a factor of 203982?
False
Is 6314 a multiple of 130?
False
Does 150 divide 705365?
False
Is 418 a factor of 1898308?
False
Does 20 divide 75604?
False
Is 22 a factor of 94058?
False
Is 31960 a multiple of 680?
True
Is 15 a factor of 42285?
True
Is 922355 a multiple of 35?
True
Is 12 a factor of 604104?
True
Does 13 divide 9729941?
True
Does 90 divide 6846480?
True
Does 131 divide 4617494?
False
Is 9 a factor of 38880?
True
Is 11528 a multiple of 11?
True
Is 427 a factor of 660142?
True
Is 236676 a multiple of 12?
True
Is 531621 a multiple of 68?
False
Is 1132 a factor of 2818814?
False
Does 26 divide 3867516?
False
Does 664 divide 283528?
True
Is 1860892 a multiple of 44?
True
Is 1150559 a multiple of 16?
False
Is 2436288 a multiple of 24?
True
Does 292 divide 150088?
True
Is 3834255 a multiple of 15?
True
Does 45 divide 235395?
True
Is 7 a factor of 6131?
False
Does 268 divide 1033944?
True
Is 2 a factor of 1787150?
True
Is 6 a factor of 2610?
True
Is 10 a factor of 57590?
True
Is 47 a factor of 952494?
False
Does 69 divide 2188197?
True
Is 161745 a multiple of 15?
True
Is 9877 a multiple of 3?
False
Is 15011 a multiple of 17?
True
Does 41 divide 1952166?
False
Is 4763005 a multiple of 1527?
False
Is 5099505 a multiple of 21?
False
Does 293 divide 1145777?
False
Does 94 divide 1741444?
True
Is 437 a factor of 991633?
False
Does 84 divide 9064490?
False
Does 4 divide 16234?
False
Does 739 divide 29224824?
False
Is 9 a factor of 20903?
False
Does 405 divide 661239?
False
Does 927 divide 1155969?
True
Does 7 divide 5408450?
False
Is 32 a factor of 6857?
False
Is 624 a factor of 8993025?
False
Is 192 a factor of 961205?
False
Is 126861 a multiple of 13?
False
Does 101 divide 85749?
True
Does 20 divide 2395080?
True
Is 5268982 a multiple of 34?
False
Does 19 divide 18937650?
False
Is 344762 a multiple of 10?
False
Does 1099 divide 13548070?
False
Is 540383 a multiple of 595?
False
Does 2 divide 426449?
False
Is 933 a factor of 4023096?
True
Is 2519745 a multiple of 47?
False
Does 42 divide 3164386?
False
Does 2066 divide 19436321?
False
Is 1596 a factor of 16678200?
True
Is 26067256 a multiple of 34?
True
Is 876010 a multiple of 17?
True
Does 24 divide 15288?
True
Is 1017465 a multiple of 37?
False
Does 69 divide 448570?
False
Is 33 a factor of 10968?
False
Is 328848 a multiple of 221?
True
Is 113 a factor of 2032852?
False
Is 259534 a multiple of 502?
True
Does 4 divide 112591?
False
Is 475580 a multiple of 430?
True
Is 176 a factor of 387631?
False
Is 25 a factor of 217975?
True
Is 50 a factor of 273445?
False
Is 1484174 a multiple of 33?
False
Is 12 a factor of 532548?
True
Is 181 a factor of 3176831?
False
Is 70 a factor of 749357?
False
Does 40 divide 306800?
True
Is 221 a factor of 217464?
True
Is 149 a factor of 1743394?
False
Does 7 divide 102256?
True
Does 54 divide 861851?
False
Is 196284 a multiple of 17?
False
Is 292 a factor of 48180?
True
Does 29 divide 770813?
False
Is 1626030 a multiple of 10?
True
Is 6 a factor of 147183?
False
Is 23 a factor of 99797?
True
Is 493540 a multiple of 5?
True
Is 40 a factor of 2262139?
False
Is 752478 a multiple of 166?
True
Is 1594 a factor of 3698080?
True
Is 11150029 a multiple of 2143?
True
Does 989 divide 8794132?
False
Is 39242 a multiple of 25?
False
Is 1154 a factor of 21830218?
True
Is 931 a factor of 1089270?
True
Is 15 a factor of 925770?
True
Is 9 a factor of 5652?
True
Is 37884 a multiple of 42?
True
Does 232 divide 5613243?
False
Is 318622 a multiple of 68?
False
Does 50 divide 61700?
True
Does 23 divide 371657?
True
Is 38 a factor of 246620?
True
Is 311 a factor of 1244?
True
Is 73 a factor of 210751?
True
Is 16 a factor of 26558032?
True
Is 578878 a multiple of 67?
False
Does 8 divide 196576?
True
Is 76 a factor of 1239041?
False
Is 4438047 a multiple of 10?
False
Does 1407 divide 10273914?
True
Does 14 divide 130784?
False
Does 148 divide 985828?
True
Does 141 divide 528327?
True
Is 409344 a multiple of 39?
True
Is 8 a factor of 29832?
True
Is 57 a factor of 95361?
True
Is 8789534 a multiple of 166?
True
Does 423 divide 411574?
False
Is 11 a factor of 97075?
True
Is 17181 a multiple of 23?
True
Is 7278 a multiple of 20?
False
Does 16 divide 514944?
True
Is 50 a factor of 1246150?
True
Does 34 divide 220626?
True
Does 300 divide 61563?
False
Does 1011 divide 708711?
True
Is 8032016 a multiple of 16?
True
Is 89 a factor of 236289?
False
Is 26 a factor of 3708562?
True
Is 85 a factor of 10830190?
True
Does 96 divide 1448544?
True
Is 767 a factor of 603933?
False
Does 74 divide 15601?
False
Does 6 divide 32748?
True
Is 255688 a multiple of 13?
False
Is 2215 even?
False
Is 159355 a multiple of 117?
False
Does 336 divide 1084398?
False
Is 206 a factor of 2046816?
True
Does 181 divide 443269?
True
Is 14466344 a multiple of 11?
False
Does 44 divide 203060?
True
Does 22 divide 38368?
True
Is 4482441 a multiple of 18?
False
Is 69 a factor of 1331096?
False
Is 419 a factor of 700568?
True
Is 204088 a multiple of 776?
True
Does 16 divide 285360?
True
Is 1006487 a multiple of 72?
False
Is 19 a factor of 6142016?
True
Does 76 divide 1870968?
True
Does 627 divide 403986?
False
Is 1446455 a multiple of 936?
False
Is 1204049 a multiple of 823?
True
Does 17 divide 10284242?
False
Does 556 divide 7700315?
False
Does 98 divide 873964?
True
Does 170 divide 3584280?
True
Does 10 divide 5183?
False
Is 87527 a multiple of 109?
True
Is 3 a factor of 30183?
True
Is 33950 a multiple of 10?
True
Does 11 divide 17194357?
False
Is 38 a factor of 621490?
True
Is 3135042 a multiple of 6?
True
Is 6 a factor of 6343686?
True
Is 4648422 a multiple of 15?
False
Is 11 a factor of 8701?
True
Is 1521981 a multiple of 9?
True
Is 20 a factor of 218529?
False
Does 5 divide 35445?
True
Does 724 divide 2207476?
True
Is 117 a factor of 774891?
True
Is 51732 a multiple of 18?
True
Is 526977 a multiple of 33?
True
Is 3904026 a multiple of 42?
True
Does 187 divide 5220105?
True
Is 2124936 a multiple of 24?
True
Does 77 divide 655768?
False
Is 8156703 a multiple of 6?
False
Does 43 divide 2372869?
True
Does 918 divide 14920608?
False
Is 789 a factor of 1282750?
False
Does 38 divide 1280850?
False
Is 58 a factor of 11484?
True
Is 208 a factor of 7149014?
Fa